{"id":5282,"date":"2017-04-24T13:43:21","date_gmt":"2017-04-24T11:43:21","guid":{"rendered":"https:\/\/www.suncamp.nl\/blog\/?page_id=5282\/"},"modified":"2017-05-02T15:07:55","modified_gmt":"2017-05-02T13:07:55","slug":"contact","status":"publish","type":"page","link":"https:\/\/www.suncamp.fr\/blog\/contact\/","title":{"rendered":"Contact"},"content":{"rendered":"<p>Avez-vous des questions ou des remarques? Aimeriez-vous faire partager une de vos exp\u00e9riences au camping et \u00e9crire sur notre blog? N&#8217;h\u00e9sitez pas \u00e0 nous \u00e9crire et nous vous r\u00e9pondrons avec grand plaisir.<\/p>\n","protected":false},"excerpt":{"rendered":"<p>Avez-vous des questions ou des remarques? Aimeriez-vous faire partager une de vos exp\u00e9riences au camping et \u00e9crire sur notre blog? N&#8217;h\u00e9sitez pas \u00e0 nous \u00e9crire et nous vous r\u00e9pondrons avec grand plaisir.<\/p>\n","protected":false},"author":2,"featured_media":5018,"parent":0,"menu_order":0,"comment_status":"closed","ping_status":"closed","template":"page-contact.php","meta":{"_acf_changed":false,"footnotes":""},"class_list":["post-5282","page","type-page","status-publish","has-post-thumbnail","hentry"],"acf":[],"_links":{"self":[{"href":"https:\/\/www.suncamp.fr\/blog\/wp-json\/wp\/v2\/pages\/5282","targetHints":{"allow":["GET"]}}],"collection":[{"href":"https:\/\/www.suncamp.fr\/blog\/wp-json\/wp\/v2\/pages"}],"about":[{"href":"https:\/\/www.suncamp.fr\/blog\/wp-json\/wp\/v2\/types\/page"}],"author":[{"embeddable":true,"href":"https:\/\/www.suncamp.fr\/blog\/wp-json\/wp\/v2\/users\/2"}],"replies":[{"embeddable":true,"href":"https:\/\/www.suncamp.fr\/blog\/wp-json\/wp\/v2\/comments?post=5282"}],"version-history":[{"count":3,"href":"https:\/\/www.suncamp.fr\/blog\/wp-json\/wp\/v2\/pages\/5282\/revisions"}],"predecessor-version":[{"id":5453,"href":"https:\/\/www.suncamp.fr\/blog\/wp-json\/wp\/v2\/pages\/5282\/revisions\/5453"}],"wp:featuredmedia":[{"embeddable":true,"href":"https:\/\/www.suncamp.fr\/blog\/wp-json\/wp\/v2\/media\/5018"}],"wp:attachment":[{"href":"https:\/\/www.suncamp.fr\/blog\/wp-json\/wp\/v2\/media?parent=5282"}],"curies":[{"name":"wp","href":"https:\/\/api.w.org\/{rel}","templated":true}]}}